et w(j) = 2*j - 1. Let y be w(-1). Let a be 4 + y - (-1 + -1). Suppose -2*v - p = -105, 0 = -a*v - 4*p + 131 + 34. Is v a prime number?
False
Suppose 6*p + 223 = 7*p. Is p a prime number?
True
Let m(l) be the second derivative of -115*l**3/6 + 4*l**2 + 3*l. Is m(-5) composite?
True
Let a = -1809 + 3208. Is a a composite number?
False
Suppose -4*f - 24 = -2*l, -4*l + 3*f + 6 = -22. Suppose l*t - 6*y = -y + 454, -4*y = 2*t - 214. Is t a prime number?
False
Let i = 0 + 0. Suppose -4*t = 4*w - 8, 4*w = 2*t - i*w - 28. Is (1 + -299)*(-3)/t a prime number?
True
Let x(w) = -99*w**3 - 4*w**2 - w + 4. Let d be x(-3). Suppose -d = -5*l + 511. Is l composite?
False
Suppose -3*p = 3*a - 369, -a + 0*a + 115 = 3*p. Is a prime?
True
Let v = 224 - 139. Is (3 - 5)*-1 + v a prime number?
False
Let i(p) = p**3 + 163. Suppose 3*d - 6*d = 0. Is i(d) prime?
True
Suppose 2*c + 10 = 7*c. Suppose 0 = -c*n + 4, -6 = -4*o + 4*n + 14. Is o a composite number?
False
Suppose -4*d + 0*d = 0. Let p be 4*7/4 + -4. Let n = d + p. Is n a composite number?
False
Let n = 7 + -4. Suppose 5*h - 1091 = 5*w - 2*w, n*h = 4*w + 659. Is h composite?
True
Is (-890 + 1)*(1 - 2) prime?
False
Suppose -5*f - 3*a + 1949 = -2*a, -f + 3*a + 377 = 0. Let s = -25 + f. Suppose -6*p - u + 606 = -p, -u = 3*p - s. Is p a prime number?
False
Let p be 4/14 + 24/14. Suppose -4*q - p = -10. Is q composite?
False
Suppose 12 = -2*r + 4*a, 4*a - 11 = -2*r + 9. Suppose -4*p = -4*h + 20, -5*p = -r*h + 18 - 2. Let d(y) = y**3 + y**2 + 1. Is d(h) composite?
False
Suppose 10*l + 7343 = 22573. Is l prime?
True
Let f(c) be the third derivative of 91*c**5/60 + 2*c**2. Let q = 9 - 10. Is f(q) a composite number?
True
Is (2/4)/((-7)/(-10262)) prime?
True
Suppose v - 3*v - 98 = 0. Let q be (-14)/v - 4/14. Suppose q = -2*g + 17 + 5. Is g a prime number?
True
Let u be (-32)/(-6) - (-14)/21. Suppose -u*q + 955 = -q. Is q prime?
True
Let l = 10 + -2. Let k = l - 3. Suppose k*i - 6 = 4*i. Is i composite?
True
Let n = 26 - 54. Let r = 7 - n. Is r composite?
True
Let y be (-4 - -2)*6/(-4). Suppose -z + 5*z + l - 144 = 0, -y*z = -4*l - 108. Is z/5 + (-7)/35 a composite number?
False
Let h(p) = -p + 11. Let k be h(8). Suppose -k*v + 14 = -76. Let n = v - 20. Is n a prime number?
False
Let m(v) = -v**3 - 4*v**2 + 4*v - 9. Let z be m(-7). Suppose -2*u = -3*t - 3*u + z, 0 = -2*t + 3*u + 55. Let c = 61 - t. Is c composite?
True
Let h be (2 + (-6)/3)/(-2). Suppose a - 3*x - 14 = 0, -5*a + x - 7 + 35 = h. Suppose -a*c = -c - 16, -4*c = 4*b - 332. Is b prime?
True
Let s be (164/(-4))/(2/4). Suppose 451 = 3*f - p, 4*f = -0*f + p + 600. Let y = f + s. Is y prime?
True
Suppose 9 = -2*d + 5*d, 0 = x - 5*d - 184. Is x a prime number?
True
Suppose 0 = 5*w - 7*w + 4918. Is w a composite number?
False
Let f = -1 + 3. Let x = -4 - 7. Is (-2)/1 - (x + f) a composite number?
False
Suppose -4*p = -7 - 1. Suppose -445 = -5*h + 2*r, -r = -p*h + 133 + 45. Is h a prime number?
True
Suppose -2*v + 231 = -299. Is v composite?
True
Suppose 0 = l + 4, b = -4*l + 250 + 348. Is b a composite number?
True
Let z = -2974 + 4291. Suppose 0 = -2*r - w - 2, 3*r - 2*w - 4 = 5*r. Suppose r = -5*a + b + z, 2*b - b - 1313 = -5*a. Is a composite?
False
Let r be 15/5 + 18/(-2). Is 136/6 - r/(-9) a composite number?
True
Let v = -3497 + 6336. Is v composite?
True
Let u = 1 + 0. Let a(y) = -32*y**2 + 7*y + 6. Let g(k) = k + 1. Let b(c) = -a(c) + 6*g(c). Is b(u) a prime number?
True
Suppose 0 = q - 80 - 179. Is q a composite number?
True
Let t = 320 + -141. Suppose -2*m - 38 - t = -n, -3*n + 648 = -5*m. Suppose -398 = -3*h + n. Is h prime?
False
Let r(f) be the first derivative of -13*f**2/2 - 16*f - 2. Is r(-11) a prime number?
True
Is (-2)/((483450/(-40285))/3 + 4) a composite number?
True
Let d(u) be the second derivative of u**4 - u**3 - 5*u**2/2 - 8*u. Is d(-4) composite?
False
Let z = 151 + -30. Is z a composite number?
True
Suppose 0*p + 586 = 2*p. Is p composite?
False
Let n(u) = u**2 - 2*u - 6. Let h be n(9). Suppose -w - s + 168 = h, -3*s = -2*w + 197. Suppose 5*a - 3*a = w. Is a composite?
False
Suppose -3*c + 2*y + 9261 = -2*y, c + 3*y = 3074. Is c composite?
False
Suppose -4*r = -6*r + 1282. Is r prime?
True
Is 413/5 - (-11)/(275/10) a composite number?
False
Let g(c) = c**2. Let w be g(-2). Suppose 3*t - 207 = -3*b - t, -w*b + 5*t = -276. Is b a composite number?
True
Let j(p) = -p**2 + 54*p + 2. Is j(35) a prime number?
False
Is 5/(-2)*8/40*-434 composite?
True
Let u = 5 + -13. Is ((-1784)/32)/(2/u) a prime number?
True
Let a(h) = h**3 + 7*h**2 - 5. Let w(k) = -k**2 - k - 6. Let s be w(0). Is a(s) a composite number?
False
Let n(l) = l**3 - 6*l**2 + 3*l - 3. Let t(q) = q**2 + 7*q + 8. Let j be t(-7). Is n(j) a composite number?
False
Let u(l) = -l**3 - 2*l - 1. Let p be u(-2). Suppose -3*f + p = -1. Suppose -65 - 11 = -f*h. Is h composite?
False
Let v(q) be the second derivative of 0*q**4 + 0 - 1/6*q**3 + 3*q - 3/2*q**2 + 1/20*q**5. Is v(3) a composite number?
True
Suppose -28 = -k - i + 23, 63 = k - 2*i. Suppose -4*a + 48 = -a. Suppose a - k = -f. Is f a prime number?
False
Let w = 1650 + -1019. Is w a composite number?
False
Suppose -337 = -5*j + 1708. Is j composite?
False
Let c = -517 + 1330. Is c composite?
True
Let g be ((-92)/(-6))/(1/3). Let o = g + -30. Suppose 4*j - o = -0*j. Is j a prime number?
False
Let t(d) = 3*d**3 - 2*d + 1. Let v(s) = 9*s**3 - 7*s + 4. Let c(w) = 7*t(w) - 2*v(w). Let n be c(1). Suppose 3*g + 76 = n*l + 179, -3*l = -12. Is g prime?
True
Let s = 2 - 29. Is -2 - 4*1*s composite?
True
Suppose 5*z - 345 = 5*b - 1605, 4*b + z = 1033. Is b composite?
False
Suppose 3*d - 1 = -5*y, -3*y = d - 6*d - 21. Suppose 2*a = 2*i + 2*i - 10, -2*i + y = 2*a. Suppose i*b - 148 = 90. Is b a composite number?
True
Let w(d) = -d**3 + 9*d**2 - d + 2. Let m be w(8). Suppose 0 = -p + m + 106. Suppose 0 = 4*j + 4, -3*v + 0*v - j + p = 0. Is v a prime number?
False
Suppose 0*n + 20 = -4*n, -f + 2*n = -5. Is (-1)/f - (-394)/5 a composite number?
False
Suppose -5*i + 10 = 2*w, i - w - 10 = -3*w. Let x be 6 + i + -1 + 1. Let z(d) = d**3 - 6*d**2 + 5*d + 1. Is z(x) a composite number?
False
Let f(x) = 10*x**2 - 1. Suppose 3*d = -h + 4*h - 9, 3*h = -2*d - 6. Let j be 3 + (1 - (2 + h)). Is f(j) a prime number?
False
Suppose -5*m + 2 = 4*i, -2*i + 5*i = -m + 7. Is ((-22)/6)/(i/(-423)) a prime number?
False
Let h(y) = y + 3. Let u be h(-6). Let x(j) = j**2 + 3*j + 2. Let n be x(u). Is -1 - (-164 + n + 0) a prime number?
False
Let r(b) = -b - 3. Let y be r(-5). Let n(z) = 2*z**2 + 2*z + 1. Is n(y) composite?
False
Let j(r) be the third derivative of r**6/120 + r**5/6 + r**4/6 + 19*r**3/6 + 5*r**2. Is j(-8) a composite number?
True
Is -267*(-1)/1*1 prime?
False
Let o(b) = -b**2 - 8*b + 2. Suppose 2*w + v = -16, -2*w = 2*w + v + 32. Let h be o(w). Suppose h*p - 133 = -3*s, 0 = 2*p + 3*p + s - 300. Is p prime?
True
Let d be (9/(-6) + 1)*0. Let f(r) = -2*r - 2 + d - 1. Is f(-3) a composite number?
False
Let l(a) = -a**3 + 5*a**2 - 5*a + 2. Let n be l(3). Let u be (0 - 10)*(-2)/n. Suppose 0 = -u*f + 2*f + 74. Is f composite?
False
Let v(u) = -12*u**2 + 2*u - 1. Let n be v(2). Let g = -71 + 147. Let o = g + n. Is o composite?
False
Suppose -2*h - 5 = -13. Suppose 6*x - x - 25 = 0. Suppose 0*r - 80 = -h*v - 2*r, 53 = 3*v + x*r. Is v prime?
False
Let k(o) = -96*o + 4. Let f be k(8). Let l = f + 1081. Is l composite?
False
Let w(l) = 55*l + 3. Let j be w(-2). Suppose -g + 5*b + 140 = 0, -b - b = -g + 152. Let i = g + j. Is i composite?
False
Let f(y) = -y**2 + 7*y + 4. Let c be f(7). Is (-593)/(-5) + c/10 prime?
False
Let o = -2 - 10. Is -2*69/o*2 composite?
False
Let v(g) = -g + 8. Let m be v(6). Suppose m*n + 276 = 5*n - 3*a, -20 = -4*a. Is n prime?
True
Is 12028/6 - (21/(-9) + 2) composite?
True
Let w(a) = a - 3. Let l be w(3). Suppose 5*t - 5*z = -l*t + 190, -5*z - 85 = -2*t. Is t composite?
True
Let v be ((-3)/(-2))/(12/928). Let s = v + -70. Is s composite?
True
Let a = -832 - -1619. Is a prime?
True
Let y = -9 - 44. Let a = y - -171. Is a a prime number?
False
Let d = -120 - -178. Is d composite?
True
Suppose 0 = -2*c + 4*g + 918, -4*c + 3*g + 1381 = -475. Is c prime?
True
Suppose -3*l - 3*l = -1506. Is l a composite number?
False
Let p = 5 + 0. Suppose 22